hat is the thousands digit of 165464186?
4
What is the hundreds digit of 13902619?
6
What is the millions digit of 4445193850?
5
What is the hundreds digit of 1500092154?
1
What is the ten millions digit of 328510666?
2
What is the ten millions digit of 94389395?
9
What is the hundred thousands digit of 149501600?
5
What is the ten thousands digit of 23780553?
8
What is the ten millions digit of 963969592?
6
What is the hundred millions digit of 150975333?
1
What is the millions digit of 5493261468?
3
What is the ten millions digit of 21348870?
2
What is the ten thousands digit of 193875304?
7
What is the hundred millions digit of 1029471961?
0
What is the tens digit of 86842765?
6
What is the millions digit of 1545791130?
5
What is the hundred thousands digit of 99782909?
7
What is the thousands digit of 365463268?
3
What is the thousands digit of 201016716?
6
What is the ten thousands digit of 2159126571?
2
What is the hundred thousands digit of 17031704?
0
What is the hundreds digit of 1356907819?
8
What is the hundred millions digit of 180804257?
1
What is the units digit of 3042971454?
4
What is the hundred thousands digit of 1034735258?
7
What is the ten thousands digit of 240874375?
7
What is the billions digit of 2646585365?
2
What is the millions digit of 10483886?
0
What is the thousands digit of 31066286?
6
What is the millions digit of 210235138?
0
What is the hundred thousands digit of 4590684394?
6
What is the units digit of 728429783?
3
What is the hundred millions digit of 966790414?
9
What is the units digit of 390836480?
0
What is the units digit of 2572110663?
3
What is the ten thousands digit of 107931858?
3
What is the thousands digit of 6837168809?
8
What is the ten thousands digit of 2335148083?
4
What is the units digit of 627099018?
8
What is the ten thousands digit of 61873727?
7
What is the thousands digit of 131704502?
4
What is the billions digit of 1106429558?
1
What is the units digit of 2656585379?
9
What is the hundred millions digit of 384891947?
3
What is the thousands digit of 1332653296?
3
What is the thousands digit of 170771022?
1
What is the hundreds digit of 68472924?
9
What is the hundred thousands digit of 35539645?
5
What is the tens digit of 97176812?
1
What is the ten millions digit of 6113055862?
1
What is the ten thousands digit of 455290103?
9
What is the hundred millions digit of 1320137605?
3
What is the tens digit of 656891685?
8
What is the units digit of 206806902?
2
What is the hundreds digit of 26838111?
1
What is the billions digit of 2277389795?
2
What is the ten millions digit of 1860504451?
6
What is the hundred thousands digit of 4566778299?
7
What is the tens digit of 101377466?
6
What is the tens digit of 225080898?
9
What is the ten thousands digit of 275348210?
4
What is the tens digit of 238998967?
6
What is the hundred millions digit of 165840311?
1
What is the units digit of 3357933027?
7
What is the hundred millions digit of 331315021?
3
What is the units digit of 178353500?
0
What is the ten thousands digit of 27742058?
4
What is the thousands digit of 46425772?
5
What is the ten millions digit of 57065185?
5
What is the millions digit of 435475061?
5
What is the tens digit of 718805821?
2
What is the units digit of 86635641?
1
What is the ten thousands digit of 78165048?
6
What is the hundred millions digit of 3153643772?
1
What is the hundreds digit of 12001169?
1
What is the hundreds digit of 4215411771?
7
What is the thousands digit of 98728814?
8
What is the ten millions digit of 372937794?
7
What is the units digit of 136012039?
9
What is the hundred thousands digit of 86586077?
5
What is the ten millions digit of 397053759?
9
What is the hundreds digit of 21112488?
4
What is the ten millions digit of 80832080?
8
What is the tens digit of 32266615?
1
What is the thousands digit of 221141630?
1
What is the hundred millions digit of 329607737?
3
What is the millions digit of 1614698423?
4
What is the hundreds digit of 6693077696?
6
What is the ten millions digit of 974313938?
7
What is the hundred millions digit of 667126722?
6
What is the hundred thousands digit of 1636678632?
6
What is the ten thousands digit of 1451029575?
2
What is the thousands digit of 8863847?
3
What is the billions digit of 1564472342?
1
What is the hundred thousands digit of 57386087?
3
What is the units digit of 261540911?
1
What is the hundred millions digit of 1091642161?
0
What is the tens digit of 189831587?
8
What is the millions digit of 93835890?
3
What is the ten millions digit of 331670273?
3
What is the ten thousands digit of 105849544?
4
What is the hundreds digit of 1385719061?
0
What is the hundreds digit of 183437243?
2
What is the thousands digit of 63748733?
8
What is the ten thousands digit of 203996170?
9
What is the units digit of 311491180?
0
What is the hundred millions digit of 1131003106?
1
What is the hundred thousands digit of 839861389?
8
What is the hundred thousands digit of 7168831?
1
What is the ten thousands digit of 790719307?
1
What is the hundred thousands digit of 271545964?
5
What is the ten millions digit of 1097101277?
9
What is the units digit of 262687700?
0
What is the ten millions digit of 33064641?
3
What is the hundred thousands digit of 1730612260?
6
What is the ten millions digit of 100099067?
0
What is the hundred millions digit of 3850126229?
8
What is the tens digit of 131627226?
2
What is the billions digit of 1797928651?
1
What is the hundreds digit of 9753430?
4
What is the tens digit of 604499812?
1
What is the hundred millions digit of 273788357?
2
What is the ten thousands digit of 9431972?
3
What is the ten millions digit of 248383948?
4
What is the ten millions digit of 224169603?
2
What is the hundred millions digit of 1025809224?
0
What is the hundred thousands digit of 3601158181?
1
What is the thousands digit of 659029459?
9
What is the ten thousands digit of 126160156?
6
What is the tens digit of 17933924?
2
What is the millions digit of 2368058682?
8
What is the tens digit of 29942280?
8
What is the units digit of 44276993?
3
What is the ten thousands digit of 52112953?
1
What is the ten thousands digit of 330108737?
0
What is the units digit of 8305141?
1
What is the millions digit of 42026508?
2
What is the units digit of 29868600?
0
What is the millions digit of 40413516?
0
What is the thousands digit of 13704918?
4
What is the hundreds digit of 9964259?
2
What is the hundreds digit of 396344192?
1
What is the hundred millions digit of 153224378?
1
What is the tens digit of 201196192?
9
What is the hundreds digit of 351829777?
7
What is the tens digit of 34129004?
0
What is the hundred thousands digit of 2101761686?
7
What is the thousands digit of 35993986?
3
What is the millions digit of 58831921?
8
What is the hundreds digit of 15612853?
8
What is the ten millions digit of 186835384?
8
What is the ten millions digit of 6220347287?
2
What is the ten millions digit of 51971541?
5
What is the hundreds digit of 7128135895?
8
What is the ten thousands digit of 327387227?
8
What is the thousands digit of 42657679?
7
What is the ten thousands digit of 969946404?
4
What is the hundreds digit of 14204985?
9
What is the millions digit of 53156713?
3
What is the thousands digit of 105483981?
3
What is the units digit of 2409701566?
6
What is the hundred millions digit of 1984154428?
9
What is the hundred millions digit of 666277961?
6
What is the millions digit of 14439177?
4
What is the thousands digit of 368494766?
4
What is the tens digit of 49712183?
8
What is the tens digit of 43952379?
7
What is the units digit of 163680748?
8
What is the hundred thousands digit of 632843814?
8
What is the hundreds digit of 43083444?
4
What is the hundred thousands digit of 54207683?
2
What is the ten millions digit of 28523712?
2
What is the thousands digit of 413612651?
2
What is the thousands digit of 814307829?
7
What is the millions digit of 1240282792?
0
What is the tens digit of 217846990?
9
What is the thousands digit of 12292605?
2
What is the units digit of 1738311420?
0
What is the ten millions digit of 550448102?
5
What is the hundred thousands digit of 277802867?
8
What is the millions digit of 3393658?
3
What is the hundred milli